))/(-1). Is d(c) a composite number?
True
Suppose -3*h + 14*h = 12617. Let d = h - -370. Is d a prime number?
False
Let p(d) = -224*d + 1 + 82*d + 30*d. Let u = -15 + 11. Is p(u) a prime number?
True
Let i be 2/2 - (-1 - 2). Suppose i*o + 0*o + 4*y = -988, 0 = 5*y - 10. Let t = -58 - o. Is t prime?
True
Suppose -16*b = 22511 - 71007. Is b composite?
True
Suppose 5*j - 9239 = -3*f - f, 3*j - 5*f = 5536. Is j composite?
False
Suppose -13 = 5*t - 53. Suppose -t*m = -5*m - 15. Suppose 162 = m*h + 47. Is h composite?
False
Suppose -104554 = -4*c - 5*q, 2*c - 3*q + 0*q - 52288 = 0. Is c composite?
False
Suppose 745*z = 748*z - 31461. Is z composite?
False
Let z be (-2)/6 + 70/30. Suppose h - 3 = z. Suppose -h*l + 4*m = -3*l - 202, 0 = -2*l - 3*m + 188. Is l a composite number?
False
Let f be (0 - (-51384)/(-15)) + (-8)/20. Is f*2/(-4) - (-9 + 13) prime?
True
Suppose s - 1197 = 3*g - 2*g, -2*s - g = -2406. Is s composite?
False
Is ((-13581)/(-135))/(2/10) - 4 a composite number?
False
Suppose -28*x + 30*x - 4 = 0. Is (-246)/(-3) + -6 + 6/x prime?
True
Suppose 0 = -4*i - 4*w + 8, 9*i - 10*i - 4*w = -11. Is -44*((-108)/16 - i) composite?
True
Let h be 1/(6/(-10) + (-11852)/(-19720)). Let l = 1449 + h. Is l composite?
True
Suppose 3*x - i + 0 - 10 = 0, 2*x = 4*i + 20. Let w(v) = 6*v - 2 - 4*v - 3 + 6*v**x. Is w(6) a composite number?
False
Let a be (7 - 9)*(0 - (-4214)/4). Let t = 3150 + a. Is t prime?
False
Suppose 72*w + 2395 = 73*w. Is w a prime number?
False
Let s(w) = 6*w + 7. Suppose 4*r - 5 = q - 0*q, -3*q = 3. Let n = 6 - r. Is s(n) a composite number?
False
Let d(l) = 9*l**2 - l + 2. Let o be d(-2). Let s(h) = -h - 10 - 6*h - 39*h**3 - 5*h**2 + o*h**3. Is s(9) prime?
True
Let z(q) = 322*q**2 - 17*q + 97. Is z(12) prime?
True
Suppose -36 = 3*h + 48. Let y = h - -102. Is y a prime number?
False
Suppose 10*z = 33703 + 57327. Is z a composite number?
False
Suppose -7087 = -a + 4*i, -6*a + 5*i + 7092 = -5*a. Is a a prime number?
False
Let d(o) = 0*o**2 + 4*o - 4*o**2 - 5 + 0*o**2 + 3*o**2. Let b be d(4). Is (-903)/(-35) + (-1)/b a prime number?
False
Suppose -1218412 = -25*l - 38887. Is l prime?
False
Let u(l) = 6*l**2 - 16*l + 45. Is u(13) a prime number?
False
Is (0 + -6 - -3) + 3 + 6079 a composite number?
False
Suppose -y = y - 4*t - 408, y + 5*t = 232. Suppose 5*l = l + y. Is l composite?
False
Suppose u + 150 = 2*u. Let a = 267 - u. Is (2/(-3))/((-2)/a) composite?
True
Suppose -1710 + 570 = -o. Suppose 0 = i - 4 + 2, 0 = -5*h - 5*i + 20. Suppose 2265 = h*y - p, -3*y + o = -2*y + p. Is y a prime number?
False
Suppose 4*h = -2*n + 13370, -5*n = 11*h - 13*h + 6691. Is h prime?
True
Suppose 4*u - 5*u = 3*d + 193, 0 = 5*d - 2*u + 340. Let f = d + -159. Let m = -102 - f. Is m prime?
False
Let p be (-8)/((2 - 4) + 0). Suppose 2980 = 4*l + p*k, -3*l + k + 2259 = -2*k. Is l prime?
False
Let s(p) = 295*p - 1. Let g be s(1). Suppose 0 = -3*c + o - 6*o - 3, 3*o = 5*c - 29. Suppose -1786 + g = -c*f. Is f a prime number?
True
Let p(o) = 53*o**2 + 4*o - 4. Suppose 2*g + 7 = u, u + 0*u + 3*g + 3 = 0. Is p(u) a prime number?
False
Suppose b = 5*u + 9725, -6*u + 4*u + 9704 = b. Suppose -3*j - b = -5*t, -4*t + 7389 = j - 362. Is t a prime number?
False
Suppose 4*k - 6 - 2 = 0. Suppose 260 = k*g - 138. Suppose 3*n - g = 62. Is n composite?
True
Suppose 4*t = -16, 141*y = 139*y + 2*t + 26590. Is y a prime number?
True
Let j(o) = 95*o + 8. Let u(g) = -189*g - 17. Let l(a) = -7*j(a) - 3*u(a). Is l(-2) composite?
False
Let b(h) be the first derivative of -h**5/20 - h**4/4 - 3*h**3/2 + 10*h**2 + 5*h + 3. Let j(x) be the first derivative of b(x). Is j(-9) prime?
True
Suppose 4*n - 2*m - 11921 = -1677, -2*n = -3*m - 5122. Is n prime?
False
Let q(a) = 9*a**2 - 2*a + 1. Let z be q(1). Let s(i) = -i**2 + 10*i - 12. Let y be s(z). Is 118 - (-1 - -2 - y) prime?
False
Let g(t) be the first derivative of -t**7/35 + t**6/180 + t**5/60 + t**4/24 - 4*t**3/3 + 6. Let s(y) be the third derivative of g(y). Is s(-1) composite?
True
Suppose 0 = -2*g - 4*i + 3466, -i = g - 1014 - 716. Is g prime?
False
Is ((-18754)/(-4))/((-28)/(-392)) a prime number?
False
Suppose 7*h = 35291 - 14375. Let d = h + -2099. Is d a prime number?
False
Let a = -1155 - -2306. Is a composite?
False
Let n be (3 - 4 - -5)/(-2). Let b be 0 + 2*n/(-2). Suppose 4*g - 142 = b*g. Is g prime?
True
Suppose 0 = -2*g + 5*g - 1524. Suppose -c = 3*c - g. Is c composite?
False
Is 70430/(-30)*(2 + -5) composite?
False
Let j = 11503 + 10. Is j a composite number?
True
Let g = 2902 + -1765. Is g a composite number?
True
Let v(i) = 306*i**2 - 2*i - 1. Let k be v(3). Suppose k = 10*x - 1383. Is x a composite number?
True
Is (11650/25)/((-2)/(-11)) a composite number?
True
Let w = 83 - 80. Is ((-793)/(-4))/(w/12) a prime number?
False
Let m(z) = -106*z + 1. Let l be m(-7). Let i = 770 + l. Is i composite?
True
Let n(d) = -250*d - 37. Let j(l) = -l + 1. Let r(u) = 2*j(u) - n(u). Is r(11) a composite number?
False
Let r = 19 + -14. Suppose a = -5*m + 3*a, 0 = r*a + 25. Is (-6)/(m - 0) + 18 prime?
False
Let v = -2 + 57. Suppose -2*j + 3*u - 4*u = -29, -5*j = -u - v. Suppose 0 = -4*z + 72 + j. Is z a prime number?
False
Suppose 0 = 4*k + 2*k - 8532. Suppose 16*m - 10*m - k = 0. Is m prime?
False
Let h be (-10)/15 - (0 + 1658/(-3)). Let z be ((-12)/5)/3*-5. Suppose -3*r + h + 7 = -j, -724 = -4*r - z*j. Is r a prime number?
False
Let o be ((-12)/4 + 13)/2. Suppose o*p + 9 = 8*p. Suppose -428 - 583 = -p*n. Is n a prime number?
True
Let w(d) = -d**3 - d + 6. Let b(u) = u**2 - u - 2. Let s be b(2). Let x be w(s). Suppose -a = -k + 126, 2*k - 221 = -3*a + x. Is k prime?
False
Suppose 2*k + 4*p = -3944, -3*p - 2573 + 597 = k. Let s = 2699 - k. Is s composite?
False
Let m be (0 - 0)/(3 - 1). Suppose x + 4*x + 4*p - 140 = m, 0 = p. Let u = 85 + x. Is u a prime number?
True
Suppose -3*z - 19 = 17. Let l = -4 - z. Suppose -t + 89 = -3*q, 4*q + l = 4. Is t prime?
False
Let i be (-4)/(-1*(-4)/(-2)). Suppose -2*f - 228 = i*d, -256 + 818 = -5*d - f. Let k = d - -246. Is k composite?
True
Suppose 612621 + 443764 = 55*i. Is i prime?
True
Suppose 3417 = -28*o - 1119. Let d = 184 + 49. Let p = o + d. Is p a prime number?
True
Let f(z) = -3*z**3 + 27*z**2 + 30*z + 17. Is f(-20) a composite number?
False
Let p = -150 + 347. Let k = -13 - -23. Suppose -b + p = k. Is b a composite number?
True
Let j be -4*1/2 + 22. Let w = j - 34. Is (-2055)/(-35) + (-4)/w prime?
True
Let c = -35 - -41. Let w(z) = 3*z**3 - 6*z**2 - 4*z + 9. Is w(c) a prime number?
False
Let o(d) = 270*d - 1. Let s be o(-1). Let c = 214 - s. Is c a composite number?
True
Is ((-8)/2 - -5)/((-2)/(-4098)) a prime number?
False
Suppose 0 = -5*n - 4*i - 1 + 45, 4*n - 56 = 2*i. Let a be (-4)/16 + 51/n. Suppose 5*x = -v + 350, -v + a*x = -0*v - 359. Is v prime?
False
Let w(z) = -z**3 - 12*z**2 - z - 4. Let y be w(-12). Suppose y*r = 4*r. Suppose 2*p = -r*x - 2*x + 168, p = -5*x + 104. Is p a prime number?
True
Let c be (23 + -2)*41/(-3). Suppose 0 = -5*o - 2299 - 251. Let x = c - o. Is x a composite number?
False
Let o = 38 + -30. Suppose -o*b + 9*b - 5 = 0. Is 422 + 1*(2 - b) prime?
True
Let p be (-20)/(-6) + 1/(-3). Suppose -o + 6 - 35 = -4*x, -p*x + 18 = 3*o. Is 514*((-28)/(-8))/x composite?
False
Let f be 5741 - (-3 + 0 + 7). Let t = -1879 + f. Let q = t + -2513. Is q a composite number?
True
Suppose -11*n + 15149 = -5828. Is n a prime number?
True
Let t(n) = 0*n - 48*n + 1 + 0*n. Suppose i - 3 + 5 = 0. Is t(i) a prime number?
True
Let k = 13 + -9. Let b be -554*(-3 - (-10)/k). Suppose 2*i - l = 279, 2*i - l - b = -2*l. Is i composite?
False
Suppose 3*t = -m + 25466 - 9152, -m - 21745 = -4*t. Is t a composite number?
False
Is -4 - (10 - 8)*(-5226)/4 prime?
True
Suppose -5*a - 36 = o - 2, 2*o - 2*a + 8 = 0. Let q(y) = 6*y**2 + 16*y + 31. Is q(o) composite?
False
Let w(y) = y**3 + 4*y**2 - 2*y - 3. Let m be w(-4). Let s(n) = 11*n**2 - 4*n + 7. Let o be s(m). Is -1 + 0 + (o - 2) a composite number?
True
Let r = 95 + -45. Is 32030/r - 4/(-10) a composite number?
False
Let q be (3*35/21)/(2/4). Is (-8022)/(-70) - (-4)/q a prime number?
False
Let a(f) = 21*f**3 + 9*f**2 - 8*f - 31. Is a(11) a composite number?
False
Let n = 2431 + -1376. Is n a composite number?
True
Suppose 2*i - 2*k - 34499 